{"id":484,"date":"2025-10-18T19:53:09","date_gmt":"2025-10-18T17:53:09","guid":{"rendered":"https:\/\/www.wildgoose.se\/?page_id=484"},"modified":"2026-03-05T13:23:14","modified_gmt":"2026-03-05T12:23:14","slug":"filosofisk-praxis","status":"publish","type":"page","link":"https:\/\/www.wildgoose.se\/index.php\/filosofisk-praxis\/","title":{"rendered":"Filosofisk praxis"},"content":{"rendered":"\n<p>Filosofisk praxis \u00e4r synonymt med filosofisk praktik eller filosofisk r\u00e5dgivning. Filosofisk praxis inneb\u00e4r att en person med filosofisk kompetens anv\u00e4nder filosofiska teorier och verktyg f\u00f6r att tillsammans med enskild eller grupp utforska fr\u00e5gor, problem eller dilemman. I samtalet kan man anv\u00e4nda filosofiska teorier, ta hj\u00e4lp av filosofer och ta st\u00f6d av olika skolbildningar, men ocks\u00e5 l\u00e5ta den akademiska filosofin vila i parentes och bara anv\u00e4nda verktygen i pratet utan h\u00e4nvisningar.<\/p>\n\n\n\n<p>Det filosofiska samtalet kan hj\u00e4lpa oss att f\u00e5 syn p\u00e5 hur och vad vi t\u00e4nker, och det kan ge oss m\u00f6jlighet att omv\u00e4rdera tankar, handlingar och v\u00e4rderingar, och kanske f\u00f6rst\u00e5elsen f\u00f6r b\u00e5de v\u00e5r egen och andra m\u00e4nniskors livsv\u00e4rld.<\/p>\n\n\n\n<h2 class=\"wp-block-heading\"><strong>Vad \u00e4r det?<\/strong><\/h2>\n\n\n\n<p>Filosofisk praxis \u00e4r ett samtal d\u00e4r man tillsammans tar sig an fr\u00e5gor, problem eller dilemman. I samtalet anv\u00e4nder man de tekniker som finns inom filosofin, och man kan anv\u00e4nda b\u00e5de filosofiska teorier och relatera till filosofer eller filosofiska skolor. Jag utg\u00e5r fr\u00e5n det som kallas sokratisk metod eller sokratiska samtal i min filosofiska praxis. <\/p>\n\n\n\n<h2 class=\"wp-block-heading\"><strong>Vad \u00e4r det <mark style=\"background-color:rgba(0, 0, 0, 0);color:#cf2e2e\" class=\"has-inline-color has-vivid-red-color\">inte<\/mark>?<\/strong><\/h2>\n\n\n\n<p>Filosofisk praxis \u00e4r <strong>inte<\/strong> psykologisk behandling (psykoterapi), \u201dcoaching\u201d eller sj\u00e4lav\u00e5rd. Men det finns likheter. En likhet kan vara id\u00e9n om det goda samtalet. En annan likhet kan vara m\u00e5nga av de fr\u00e5gor, problem eller dilemman som kan bli aktuella.<\/p>\n\n\n\n<p>Eftersom filosofisk praxis <strong>inte <\/strong>\u00e4r psykologisk behandling finns till exempel inte n\u00e5got krav p\u00e5 journalf\u00f6ring, inte n\u00e5got skydd motsvarande patients\u00e4kerhet, inte heller m\u00f6jlighet att g\u00f6ra anm\u00e4lan till Inspektionen f\u00f6r v\u00e5rd och omsorg (IVO). <\/p>\n\n\n\n<p>Det finns inte n\u00e5got lagkrav p\u00e5 sekretess \u2014 men jag anv\u00e4nder samma tystnadsplikt i filosofisk praxis som i psykologisk behandling. <\/p>\n\n\n\n<h2 class=\"wp-block-heading\"><strong>Hur g\u00f6r man?<\/strong><\/h2>\n\n\n\n<p>Filosofisk praxis kan g\u00f6ras p\u00e5 m\u00e5nga s\u00e4tt. Tv\u00e5 olika s\u00e4tt \u00e4r det enskilda samtalet och samtalet i grupp. Dessa tv\u00e5 olika typer kan i sin tur varieras b\u00e5de digitalt och fysiskt. Samtalen kan g\u00f6ras i alla \u00e5ldrar, b\u00e5de med barn och vuxna.<\/p>\n\n\n\n<p>Jag brukar genomf\u00f6ra mina enskilda samtal digitalt, p\u00e5 en promenad eller invid en eld, eller p\u00e5 en lugn plats p\u00e5 bibliotek eller caf\u00e9. I det enskilda samtalet \u00e4r det viktigt att den jag pratar med k\u00e4nner sig bekv\u00e4m med platsen.<\/p>\n\n\n\n<p>Jag brukar genomf\u00f6ra samtal med grupper b\u00e5de med \u00f6ppna grupper och med slutna grupper, med chefer, medarbetare och studenter, p\u00e5 arbetsplatser och skolor, p\u00e5 bibliotek och caf\u00e9er. Den viktigaste skillnaden brukar vara om det \u00e4r en sluten grupp, t.ex. en chefsgrupp eller ett arbetslag, eller en \u00f6ppen grupp d\u00e4r vem som helst f\u00e5r lov att delta. En variant av samtal i grupp \u00e4r s\u00e5 kallade filosoficaf\u00e9er \u2014 dessa anordnas ibland tillsammans med bibliotek och studief\u00f6rbund, men \u00e4ven arbetsplatser och skolor \u2014 det brukar bli enkla sammankomster d\u00e4r man m\u00f6ts kring olika sv\u00e5ra fr\u00e5gor. <\/p>\n\n\n\n<p>I det enskilda samtalet \u00e4r det du som best\u00e4mmer fr\u00e5ga, problem eller dilemma att arbeta med, och om du har flera alternativ hj\u00e4lper jag dig att best\u00e4mma dig. I grupp har som regel den slutna gruppen valt n\u00e5got att arbeta med och i \u00f6ppna grupper har som regel jag valt fr\u00e5gan, problemet eller dilemmat.<\/p>\n\n\n\n<h2 class=\"wp-block-heading\"><strong>Vilka fr\u00e5gor \u00e4r vanligast?<\/strong><\/h2>\n\n\n\n<p>F\u00f6rst och fr\u00e4mst ser jag en skillnad mellan enskilda samtal och samtal i grupp. Jag skriver mer om de enskilda samtalen nedan. Samtalen i grupp g\u00e4ller ofta fr\u00e5gor eller problem kring livet, politik eller religion, eller etiska dilemman, och samtalen brukar balansera tankar och teorier, med praktisk handling och konsekvenser. <\/p>\n\n\n\n<p>De enskilda samtalen tar ofta avstamp i en livssituation som har varit eller \u00e4r aktuell, och m\u00e5nga g\u00e5nger kan samtalet knytas till filosofiska resonemang som lyfts genom \u00e5rtusenden, men ibland blir s\u00e5dana associationer lite forcerade och det \u00e4r viktigare att vara n\u00e4ra de konkreta fr\u00e5gorna i samtalet. Tv\u00e5 \u00f6vergripande teman som \u00e4r vanliga \u00e4r existentiella fr\u00e5gor och etiska dilemman.<\/p>\n\n\n\n<p>N\u00e5gra exempel p\u00e5 fr\u00e5gor, problem och dilemman som lyfts b\u00e5de enskilt och i grupp \u00e4r:<\/p>\n\n\n\n<ul class=\"wp-block-list\">\n<li>Liv och d\u00f6d<\/li>\n\n\n\n<li>Lust, lycka och lidande <\/li>\n\n\n\n<li>Livets mening<\/li>\n\n\n\n<li>Ett gott liv<\/li>\n\n\n\n<li>Fri vilja<\/li>\n\n\n\n<li>Sorg, saknad och sm\u00e4rta<\/li>\n\n\n\n<li>Makt, v\u00e5ld och tv\u00e5ng<\/li>\n\n\n\n<li>Politik och -ismer<\/li>\n\n\n\n<li>Extremism och fundamentalism<\/li>\n\n\n\n<li>Sagor, myter och legender<\/li>\n\n\n\n<li>Barn och barndom<\/li>\n\n\n\n<li>\u00c5ldrande och d\u00f6ende<\/li>\n\n\n\n<li>\u00c4gande<\/li>\n\n\n\n<li>S\u00e4lja och k\u00f6pa<\/li>\n\n\n\n<li>Samla och sl\u00e4nga<\/li>\n\n\n\n<li>Samarbete<\/li>\n\n\n\n<li>Ov\u00e4nskap och br\u00e5k<\/li>\n\n\n\n<li>Godhet och ondska<\/li>\n\n\n\n<li>L\u00e4rande och kunskap<\/li>\n\n\n\n<li>Natur och kultur<\/li>\n\n\n\n<li>T\u00e5lamod, tolerans och tr\u00f6tthet<\/li>\n\n\n\n<li>Empati, sympati, antipati och apati<\/li>\n\n\n\n<li>Skada, sjukdom och s\u00e5rbarhet<\/li>\n\n\n\n<li>K\u00f6n, m\u00e4n och kvinnor<\/li>\n\n\n\n<li>R\u00e4ttigheter och skyldigheter<\/li>\n\n\n\n<li>Religion, verklighet och vanf\u00f6rest\u00e4llningar<\/li>\n\n\n\n<li>D\u00f6dshj\u00e4lp och suicid<\/li>\n<\/ul>\n\n\n\n<p>M\u00e5nga av dessa fr\u00e5gor, problem eller dilemman kan inneb\u00e4ra ett allvarligt lidande. \u00c5 ena sidan \u00e4r allt lidande inte sjukt eller skadligt, utan h\u00f6r till livet, \u00e5 andra sidan finns det lidande som \u00e4r s\u00e5pass allvarligt att det kan och b\u00f6r hanteras eller behandlas. I det senare fallet tycker jag att du ska v\u00e4lja behandling hos mig eller n\u00e5gon annan \u2014 har du tankar eller fr\u00e5gor om detta \u00e4r du varmt v\u00e4lkommen att kontakta mig.<\/p>\n\n\n\n<h2 class=\"wp-block-heading\"><strong>Tid, plats och kostnad<\/strong><\/h2>\n\n\n\n<p>F\u00f6r samtal i grupp: Kontakta mig f\u00f6r filosofisk praxis i grupp, s\u00e5 kommer vi \u00f6verens om ett uppl\u00e4gg med ett eller flera samtal eller filosoficaf\u00e9er, digitalt eller fysiskt.<\/p>\n\n\n\n<p>F\u00f6r enskilda samtal:<\/p>\n\n\n\n<p><strong>Tid:<\/strong> 45 minuter per samtal, 45-120 minuter vid samtal utomhus, kan variera enligt \u00f6verenskommelse, \u00e4ven kv\u00e4llar och helger.<\/p>\n\n\n\n<p><strong>Plats: <\/strong>Digitalt eller enligt \u00f6verenskommelse.<\/p>\n\n\n\n<p><strong>Pris:<\/strong> 800 kr exklusive moms, 1000 kr inklusive moms, per 45 minuter samtal. \u00c4r du arbetsl\u00f6s, elev eller student, bl\u00e5ljuspersonal eller veteran betalar du 700 kr exklusive moms, 875 kr inklusive moms. F\u00f6retag betalar 1500 kr exklusive moms.<\/p>\n\n\n\n<h2 class=\"wp-block-heading\"><strong>Kontakt<\/strong><\/h2>\n\n\n\n<p>Har du fr\u00e5gor, \u00e4r nyfiken eller vill veta mer? Mejla mig p\u00e5 <a href=\"mailto:claes@wildgoose.se\">claes@wildgoose.se<\/a>.<\/p>\n","protected":false},"excerpt":{"rendered":"<p>Filosofisk praxis \u00e4r synonymt med filosofisk praktik eller filosofisk r\u00e5dgivning. Filosofisk praxis inneb\u00e4r att en person med filosofisk kompetens anv\u00e4nder filosofiska teorier och verktyg f\u00f6r att tillsammans med enskild eller grupp utforska fr\u00e5gor, problem eller dilemman. I samtalet kan man anv\u00e4nda filosofiska teorier, ta hj\u00e4lp av filosofer och ta st\u00f6d av olika skolbildningar, men ocks\u00e5 &hellip; <\/p>\n<p class=\"link-more\"><a href=\"https:\/\/www.wildgoose.se\/index.php\/filosofisk-praxis\/\" class=\"more-link\">Forts\u00e4tt l\u00e4sa<span class=\"screen-reader-text\"> \u201dFilosofisk praxis\u201d<\/span><\/a><\/p>\n","protected":false},"author":1,"featured_media":489,"parent":0,"menu_order":0,"comment_status":"closed","ping_status":"closed","template":"","meta":{"footnotes":""},"class_list":["post-484","page","type-page","status-publish","has-post-thumbnail","hentry"],"jetpack_likes_enabled":true,"jetpack_sharing_enabled":true,"_links":{"self":[{"href":"https:\/\/www.wildgoose.se\/index.php\/wp-json\/wp\/v2\/pages\/484","targetHints":{"allow":["GET"]}}],"collection":[{"href":"https:\/\/www.wildgoose.se\/index.php\/wp-json\/wp\/v2\/pages"}],"about":[{"href":"https:\/\/www.wildgoose.se\/index.php\/wp-json\/wp\/v2\/types\/page"}],"author":[{"embeddable":true,"href":"https:\/\/www.wildgoose.se\/index.php\/wp-json\/wp\/v2\/users\/1"}],"replies":[{"embeddable":true,"href":"https:\/\/www.wildgoose.se\/index.php\/wp-json\/wp\/v2\/comments?post=484"}],"version-history":[{"count":17,"href":"https:\/\/www.wildgoose.se\/index.php\/wp-json\/wp\/v2\/pages\/484\/revisions"}],"predecessor-version":[{"id":577,"href":"https:\/\/www.wildgoose.se\/index.php\/wp-json\/wp\/v2\/pages\/484\/revisions\/577"}],"wp:featuredmedia":[{"embeddable":true,"href":"https:\/\/www.wildgoose.se\/index.php\/wp-json\/wp\/v2\/media\/489"}],"wp:attachment":[{"href":"https:\/\/www.wildgoose.se\/index.php\/wp-json\/wp\/v2\/media?parent=484"}],"curies":[{"name":"wp","href":"https:\/\/api.w.org\/{rel}","templated":true}]}}